{"id":11756,"date":"2025-10-16T14:32:24","date_gmt":"2025-10-16T14:32:24","guid":{"rendered":"https:\/\/malloo.com.br\/atacado\/produto\/vestido-regata-oncinha\/"},"modified":"2026-03-26T21:47:25","modified_gmt":"2026-03-26T21:47:25","slug":"vestido-regata-oncinha","status":"publish","type":"product","link":"https:\/\/malloo.com.br\/atacado\/produto\/vestido-regata-oncinha\/","title":{"rendered":"Vestido Regata Oncinha"},"content":{"rendered":"<p>*Acompanha bolsinha<\/p>\n<p>&#8211; Tecido viscolycra com muita elasticidade.<\/p>\n<p>&#8211; Camadas de saia em tule de oncinha e tule preto.<\/p>\n<p>&#8211; Renda chantilly aplicada em duas camadas de saia.<\/p>\n<p>&#8211; Abertura para passagem de guia.<\/p>\n<p>&#8211; Modelagem Regatinha.<\/p>\n<p>&#8211; Bolsinha tecido courino com al\u00e7a dourada e bot\u00e3o cora\u00e7\u00e3o.<\/p>\n","protected":false},"excerpt":{"rendered":"<p>Medidas:<\/p>\n<p>EXPP &#8211; pesco\u00e7o ( 22 a 25 cm )\u00a0 t\u00f3rax ( 29 a 33 )\u00a0 comprimento 22 cm.<br \/>\nPP &#8211; pesco\u00e7o ( 25 a 28 cm )\u00a0 t\u00f3rax ( 31 a 35 )\u00a0 comprimento 23 cm.<br \/>\nP &#8211; pesco\u00e7o ( 30 a 33 cm )\u00a0 t\u00f3rax ( 38 a 41 )\u00a0 comprimento 29 cm.<br \/>\nM &#8211; pesco\u00e7o\u00a0 ( 35 a 38 cm )\u00a0 t\u00f3rax ( 40 a 43 )\u00a0 comprimento 31 cm.<br \/>\nG &#8211; pesco\u00e7o ( 39 a 42 cm )\u00a0 t\u00f3rax ( 44 a 48 )\u00a0 comprimento 35 cm.<br \/>\nGG &#8211; pesco\u00e7o ( 42 a 46 cm )\u00a0 t\u00f3rax ( 49 a 52 ) comprimento 36 cm.<\/p>\n<p>*Conferir as medidas pois cada pet \u00e9 \u00fanico!<\/p>\n","protected":false},"featured_media":11763,"comment_status":"open","ping_status":"closed","template":"","meta":{"site-sidebar-layout":"default","site-content-layout":"","ast-site-content-layout":"default","site-content-style":"default","site-sidebar-style":"default","ast-global-header-display":"","ast-banner-title-visibility":"","ast-main-header-display":"","ast-hfb-above-header-display":"","ast-hfb-below-header-display":"","ast-hfb-mobile-header-display":"","site-post-title":"","ast-breadcrumbs-content":"","ast-featured-img":"","footer-sml-layout":"","theme-transparent-header-meta":"default","adv-header-id-meta":"","stick-header-meta":"","header-above-stick-meta":"","header-main-stick-meta":"","header-below-stick-meta":"","astra-migrate-meta-layouts":"set","ast-page-background-enabled":"default","ast-page-background-meta":{"desktop":{"background-color":"var(--ast-global-color-4)","background-image":"","background-repeat":"repeat","background-position":"center center","background-size":"auto","background-attachment":"scroll","background-type":"","background-media":"","overlay-type":"","overlay-color":"","overlay-opacity":"","overlay-gradient":""},"tablet":{"background-color":"","background-image":"","background-repeat":"repeat","background-position":"center center","background-size":"auto","background-attachment":"scroll","background-type":"","background-media":"","overlay-type":"","overlay-color":"","overlay-opacity":"","overlay-gradient":""},"mobile":{"background-color":"","background-image":"","background-repeat":"repeat","background-position":"center center","background-size":"auto","background-attachment":"scroll","background-type":"","background-media":"","overlay-type":"","overlay-color":"","overlay-opacity":"","overlay-gradient":""}},"ast-content-background-meta":{"desktop":{"background-color":"var(--ast-global-color-5)","background-image":"","background-repeat":"repeat","background-position":"center center","background-size":"auto","background-attachment":"scroll","background-type":"","background-media":"","overlay-type":"","overlay-color":"","overlay-opacity":"","overlay-gradient":""},"tablet":{"background-color":"var(--ast-global-color-5)","background-image":"","background-repeat":"repeat","background-position":"center center","background-size":"auto","background-attachment":"scroll","background-type":"","background-media":"","overlay-type":"","overlay-color":"","overlay-opacity":"","overlay-gradient":""},"mobile":{"background-color":"var(--ast-global-color-5)","background-image":"","background-repeat":"repeat","background-position":"center center","background-size":"auto","background-attachment":"scroll","background-type":"","background-media":"","overlay-type":"","overlay-color":"","overlay-opacity":"","overlay-gradient":""}}},"product_brand":[],"product_cat":[469],"product_tag":[],"class_list":{"0":"post-11756","1":"product","2":"type-product","3":"status-publish","4":"has-post-thumbnail","6":"product_cat-roupas","7":"desktop-align-left","8":"tablet-align-left","9":"mobile-align-left","11":"first","12":"instock","13":"shipping-taxable","14":"purchasable","15":"product-type-variable"},"pp_statuses_selecting_workflow":false,"pp_workflow_action":"current","pp_status_selection":"publish","aioseo_notices":[],"_links":{"self":[{"href":"https:\/\/malloo.com.br\/atacado\/wp-json\/wp\/v2\/product\/11756","targetHints":{"allow":["GET"]}}],"collection":[{"href":"https:\/\/malloo.com.br\/atacado\/wp-json\/wp\/v2\/product"}],"about":[{"href":"https:\/\/malloo.com.br\/atacado\/wp-json\/wp\/v2\/types\/product"}],"replies":[{"embeddable":true,"href":"https:\/\/malloo.com.br\/atacado\/wp-json\/wp\/v2\/comments?post=11756"}],"version-history":[{"count":0,"href":"https:\/\/malloo.com.br\/atacado\/wp-json\/wp\/v2\/product\/11756\/revisions"}],"wp:featuredmedia":[{"embeddable":true,"href":"https:\/\/malloo.com.br\/atacado\/wp-json\/wp\/v2\/media\/11763"}],"wp:attachment":[{"href":"https:\/\/malloo.com.br\/atacado\/wp-json\/wp\/v2\/media?parent=11756"}],"wp:term":[{"taxonomy":"product_brand","embeddable":true,"href":"https:\/\/malloo.com.br\/atacado\/wp-json\/wp\/v2\/product_brand?post=11756"},{"taxonomy":"product_cat","embeddable":true,"href":"https:\/\/malloo.com.br\/atacado\/wp-json\/wp\/v2\/product_cat?post=11756"},{"taxonomy":"product_tag","embeddable":true,"href":"https:\/\/malloo.com.br\/atacado\/wp-json\/wp\/v2\/product_tag?post=11756"}],"curies":[{"name":"wp","href":"https:\/\/api.w.org\/{rel}","templated":true}]}}