{"id":11834,"date":"2025-10-29T16:03:14","date_gmt":"2025-10-29T16:03:14","guid":{"rendered":"https:\/\/malloo.com.br\/atacado\/produto\/peitoral-boneca-lilas\/"},"modified":"2026-03-26T21:47:25","modified_gmt":"2026-03-26T21:47:25","slug":"peitoral-boneca-lilas","status":"publish","type":"product","link":"https:\/\/malloo.com.br\/atacado\/produto\/peitoral-boneca-lilas\/","title":{"rendered":"Peitoral Boneca Lil\u00e1s"},"content":{"rendered":"<p>&#8211; Peitoral em tule colorido.<\/p>\n<p>&#8211; Forro com tecido acetinado que n\u00e3o embola os pelos.<\/p>\n<p>&#8211; La\u00e7o com bot\u00e3o strass costurados a pe\u00e7a.<\/p>\n<p>&#8211; Engate para guia.<\/p>\n<p>&#8211; Babados em camadas de tule com super volume.<\/p>\n<p>&#8211; Possibilidade de ajuste de tamanho em bot\u00e3o de press\u00e3o.<\/p>\n<p>&#8211; Aten\u00e7\u00e3o: fechamento somente em bot\u00e3o de press\u00e3o.<\/p>\n<p>&#8211; Indicado para uso em ambientes fechados apenas.<\/p>\n<p>&#8211; Para ambientes externos fazer uso de peitoral H por baixo.<\/p>\n","protected":false},"excerpt":{"rendered":"<p>*Conferir as medidas pois cada pet \u00e9 \u00fanico!<\/p>\n<p>EXPP &#8211; Pesco\u00e7o (23 a 25 cm) &#8211; T\u00f3rax &#8211; (34 a 36 cm) &#8211; Comp. 15 cm<\/p>\n<p>PP &#8211; Pesco\u00e7o (25 a 27 cm) &#8211; T\u00f3rax (35 a 37 cm) &#8211; Comp. 17 cm<\/p>\n<p>P &#8211; Pesco\u00e7o (25 a 27.5 cm) &#8211; T\u00f3rax (37 a 39 cm) &#8211; Comp. 19 cm<\/p>\n<p>M &#8211; Pesco\u00e7o (29 a 31cm) &#8211; T\u00f3rax (41 a 43cm) &#8211; Comp. 20 cm<\/p>\n<p>G &#8211; Pesco\u00e7o &#8211; (32 a 34cm) &#8211; T\u00f3rax (45 a 47 cm) &#8211; Comp. 24 cm<\/p>\n<p>GG &#8211; Pesco\u00e7o &#8211; (34 a 36 cm) &#8211; T\u00f3rax ( 47 a 49 cm) &#8211; Comp. 27 cm<\/p>\n<p>G1 &#8211; Pesco\u00e7o (38 a 40cm) &#8211; T\u00f3rax (51 a 53 cm) &#8211; Comp. 30 cm<\/p>\n","protected":false},"featured_media":11892,"comment_status":"open","ping_status":"closed","template":"","meta":{"site-sidebar-layout":"default","site-content-layout":"","ast-site-content-layout":"default","site-content-style":"default","site-sidebar-style":"default","ast-global-header-display":"","ast-banner-title-visibility":"","ast-main-header-display":"","ast-hfb-above-header-display":"","ast-hfb-below-header-display":"","ast-hfb-mobile-header-display":"","site-post-title":"","ast-breadcrumbs-content":"","ast-featured-img":"","footer-sml-layout":"","theme-transparent-header-meta":"default","adv-header-id-meta":"","stick-header-meta":"","header-above-stick-meta":"","header-main-stick-meta":"","header-below-stick-meta":"","astra-migrate-meta-layouts":"set","ast-page-background-enabled":"default","ast-page-background-meta":{"desktop":{"background-color":"var(--ast-global-color-4)","background-image":"","background-repeat":"repeat","background-position":"center center","background-size":"auto","background-attachment":"scroll","background-type":"","background-media":"","overlay-type":"","overlay-color":"","overlay-opacity":"","overlay-gradient":""},"tablet":{"background-color":"","background-image":"","background-repeat":"repeat","background-position":"center center","background-size":"auto","background-attachment":"scroll","background-type":"","background-media":"","overlay-type":"","overlay-color":"","overlay-opacity":"","overlay-gradient":""},"mobile":{"background-color":"","background-image":"","background-repeat":"repeat","background-position":"center center","background-size":"auto","background-attachment":"scroll","background-type":"","background-media":"","overlay-type":"","overlay-color":"","overlay-opacity":"","overlay-gradient":""}},"ast-content-background-meta":{"desktop":{"background-color":"var(--ast-global-color-5)","background-image":"","background-repeat":"repeat","background-position":"center center","background-size":"auto","background-attachment":"scroll","background-type":"","background-media":"","overlay-type":"","overlay-color":"","overlay-opacity":"","overlay-gradient":""},"tablet":{"background-color":"var(--ast-global-color-5)","background-image":"","background-repeat":"repeat","background-position":"center center","background-size":"auto","background-attachment":"scroll","background-type":"","background-media":"","overlay-type":"","overlay-color":"","overlay-opacity":"","overlay-gradient":""},"mobile":{"background-color":"var(--ast-global-color-5)","background-image":"","background-repeat":"repeat","background-position":"center center","background-size":"auto","background-attachment":"scroll","background-type":"","background-media":"","overlay-type":"","overlay-color":"","overlay-opacity":"","overlay-gradient":""}}},"product_brand":[],"product_cat":[477,415,469,457,430],"product_tag":[],"class_list":{"0":"post-11834","1":"product","2":"type-product","3":"status-publish","4":"has-post-thumbnail","6":"product_cat-femea","7":"product_cat-lancamentos","8":"product_cat-roupas","9":"product_cat-todos-os-produtos","10":"product_cat-verao","11":"desktop-align-left","12":"tablet-align-left","13":"mobile-align-left","15":"first","16":"instock","17":"shipping-taxable","18":"purchasable","19":"product-type-variable"},"pp_statuses_selecting_workflow":false,"pp_workflow_action":"current","pp_status_selection":"publish","aioseo_notices":[],"_links":{"self":[{"href":"https:\/\/malloo.com.br\/atacado\/wp-json\/wp\/v2\/product\/11834","targetHints":{"allow":["GET"]}}],"collection":[{"href":"https:\/\/malloo.com.br\/atacado\/wp-json\/wp\/v2\/product"}],"about":[{"href":"https:\/\/malloo.com.br\/atacado\/wp-json\/wp\/v2\/types\/product"}],"replies":[{"embeddable":true,"href":"https:\/\/malloo.com.br\/atacado\/wp-json\/wp\/v2\/comments?post=11834"}],"version-history":[{"count":0,"href":"https:\/\/malloo.com.br\/atacado\/wp-json\/wp\/v2\/product\/11834\/revisions"}],"wp:featuredmedia":[{"embeddable":true,"href":"https:\/\/malloo.com.br\/atacado\/wp-json\/wp\/v2\/media\/11892"}],"wp:attachment":[{"href":"https:\/\/malloo.com.br\/atacado\/wp-json\/wp\/v2\/media?parent=11834"}],"wp:term":[{"taxonomy":"product_brand","embeddable":true,"href":"https:\/\/malloo.com.br\/atacado\/wp-json\/wp\/v2\/product_brand?post=11834"},{"taxonomy":"product_cat","embeddable":true,"href":"https:\/\/malloo.com.br\/atacado\/wp-json\/wp\/v2\/product_cat?post=11834"},{"taxonomy":"product_tag","embeddable":true,"href":"https:\/\/malloo.com.br\/atacado\/wp-json\/wp\/v2\/product_tag?post=11834"}],"curies":[{"name":"wp","href":"https:\/\/api.w.org\/{rel}","templated":true}]}}